{"id":23,"date":"2013-01-24T16:13:46","date_gmt":"2013-01-24T16:13:46","guid":{"rendered":"http:\/\/tierhilfe-direkthilfe.de\/?page_id=23"},"modified":"2025-12-11T12:11:46","modified_gmt":"2025-12-11T11:11:46","slug":"projektepartner","status":"publish","type":"page","link":"https:\/\/tierhilfe-direkthilfe.de\/?page_id=23","title":{"rendered":"Projekte\/Partner"},"content":{"rendered":"<p><a href=\"http:\/\/tierrechtsbund-aktiv.de\/wp\/\"><img decoding=\"async\" class=\"alignnone size-medium wp-image-127\" src=\"https:\/\/tierhilfe-direkthilfe.de\/wp-content\/uploads\/2013\/01\/logo_outlined-300x52.jpg\" alt=\"logo_outlined\" width=\"300\" height=\"52\" srcset=\"https:\/\/tierhilfe-direkthilfe.de\/wp-content\/uploads\/2013\/01\/logo_outlined-300x52.jpg 300w, https:\/\/tierhilfe-direkthilfe.de\/wp-content\/uploads\/2013\/01\/logo_outlined.jpg 653w\" sizes=\"(max-width: 300px) 100vw, 300px\" \/><\/a><\/p>\n<h4><strong>Das Tierrechts-TV-Magazin\u00a0 hat sich mittlerweile etabliert und erfreut sich immer gr\u00f6\u00dferer Beliebtheit. Demn\u00e4chst starten wir mit dem Tierrechtsbund-aktiv ein tolles Projekt f\u00fcr an Krebs erkrankten Kindern auf der Jugend- und Tierfarm Offenwarden.<\/strong><\/h4>\n<h4><span style=\"color: #008000;\"><a style=\"color: #008000;\" href=\"http:\/\/tierrechtsbund-aktiv.de\/wp\/\">www.tierrechtsbund-aktiv.de<\/a><\/span><\/h4>\n<h4><a style=\"font-size: 1.2em;\" href=\"http:\/\/tierhof-straelen.de\/wp\/\" rel=\"attachment wp-att-217\"><img decoding=\"async\" class=\"alignnone wp-image-217\" src=\"https:\/\/tierhilfe-direkthilfe.de\/wp-content\/uploads\/2013\/01\/index_r2_c4.jpg\" alt=\"index_r2_c4\" width=\"119\" height=\"68\" \/><\/a>\u00a0\u00a0<strong>Der Tierhof Straelen ist f\u00fcr viele Tiere, die ausgesetzt, beschlagnahmt oder einfach nicht mehr gewollt werden, zur letzten Zuflucht geworden. Hier wird aktiver Tierschutz rund um die Uhr gelebt.<\/strong><\/h4>\n<h4><span style=\"color: #008000;\">\u00a0<a style=\"color: #008000;\" href=\"http:\/\/tierhof-straelen.de\/wp\/\">www.tierhof-straelen.de<\/a><\/span><\/h4>\n<h4><a href=\"https:\/\/www.tierfreunde-kreta.de\/\"><img decoding=\"async\" class=\"custom-logo\" src=\"https:\/\/www.tierfreunde-kreta.de\/wp-content\/uploads\/2017\/02\/logo-tierfreunde-kreta.png\" sizes=\"(max-width: 767px) 89vw, (max-width: 1000px) 54vw, (max-width: 1071px) 543px, 580px\" alt=\"Tierfreunde Kreta\" width=\"135\" height=\"101\" \/><\/a><strong>Arche Noah Kreta wurde 1989 von der Deutschen Silke Wrobel gegr\u00fcndet. F\u00fcr Ihren Einsatz f\u00fcr den Tierschutz erhielt Frau Wrobel 2004 das Bundesverdienstkreuz. \u00a0<\/strong><\/h4>\n<h4><span style=\"color: #008000;\"><a style=\"color: #008000;\" href=\"http:\/\/www.tierfreunde-kreta.de\">www. tierfreunde-kreta.de<\/a><\/span><\/h4>\n<h4><a href=\"https:\/\/www.tierhilfs-und-rettungsorganisation.de\"><img loading=\"lazy\" decoding=\"async\" class=\"\" src=\"https:\/\/www.tierhilfs-und-rettungsorganisation.de\/\/wp-content\/uploads\/2018\/10\/Logo-THRO.png?id=1116\" alt=\"THRO e.V.\" width=\"83\" height=\"83\" \/><\/a><strong>THRO e.V. hat es sich zur Aufgabe gemacht, s\u00e4mtliche Tiere, ob gro\u00df oder klein, zu\u00a0 sch\u00fctzen. Oberstes Ziel ist es, den Tieren, die ihr Zuhause verloren haben &#8211; sei es, weil sie sich verlaufen haben, ausgesetzt worden sind oder aus irgendwelchen Gr\u00fcnden nicht mehr gehalten werden k\u00f6nnen &#8211;\u00a0 zu helfen und zu versorgen, bis ein neues Zuhause gefunden ist.<\/strong><\/h4>\n<p><span style=\"color: #008000;\"><a style=\"color: #008000;\" href=\"http:\/\/www.tierhilfs-und-rettungsorganisation.de\" target=\"_blank\" rel=\"noopener\">www.tierhilfs-und-rettungsorganisation.de<\/a><\/span><\/p>\n<h4><a href=\"https:\/\/www.storchenhof-papendorf.de\/index.html\" rel=\"attachment wp-att-690\"><img loading=\"lazy\" decoding=\"async\" class=\"alignnone size-full wp-image-690\" src=\"https:\/\/tierhilfe-direkthilfe.de\/wp-content\/uploads\/2013\/01\/a_Wappen2.jpg\" alt=\"a_Wappen2\" width=\"103\" height=\"122\" \/><\/a><strong>Der Storchenpflegehof Papendorf e.V. k\u00fcmmert sich um die Aufnahme von in Not geratenen St\u00f6rchen und anderen Wildv\u00f6geln, deren Betreuung und Auswilderung bzw. Freisetzung.<\/strong><\/h4>\n<p><a style=\"color: #008000;\" href=\"https:\/\/www.storchenhof-papendorf.de\/index.html\" target=\"_blank\" rel=\"noopener\">www.storchenhof-papendorf.de<\/a><\/p>\n<p><span style=\"font-size: 12px;\"><strong>Klicken Sie einfach auf das Logo des Tierhofes, um mehr \u00fcber die Arbeit des Vereines zu erfahren.\u00a0<\/strong><\/span><\/p>\n<p><span style=\"font-size: 12px;\">________________________________________________________________________________<\/span><\/p>\n<div><\/div>\n<div><\/div>\n<h5><em>Bemerkung: Spendenaufrufe der Tierhilfe-Direkthilfe e.V. gelten nicht f\u00fcr das Gebiet des Landes Rheinland-Pfalz. Eine ausf\u00fchrliche Info hierzu finden Sie unter der Rubrik \u201eWissen\u201c<\/em><\/h5>\n<div><\/div>\n","protected":false},"excerpt":{"rendered":"<p>Das Tierrechts-TV-Magazin\u00a0 hat sich mittlerweile etabliert und erfreut sich immer gr\u00f6\u00dferer Beliebtheit. Demn\u00e4chst starten wir mit dem Tierrechtsbund-aktiv ein tolles Projekt f\u00fcr an Krebs erkrankten Kindern auf der Jugend- und Tierfarm Offenwarden. www.tierrechtsbund-aktiv.de \u00a0\u00a0Der Tierhof Straelen ist f\u00fcr viele Tiere, &hellip; <a href=\"https:\/\/tierhilfe-direkthilfe.de\/?page_id=23\">Weiterlesen <span class=\"meta-nav\">&rarr;<\/span><\/a><\/p>\n","protected":false},"author":1,"featured_media":0,"parent":0,"menu_order":0,"comment_status":"closed","ping_status":"closed","template":"","meta":{"_uag_custom_page_level_css":"","ngg_post_thumbnail":0,"footnotes":""},"class_list":["post-23","page","type-page","status-publish","hentry"],"uagb_featured_image_src":{"full":false,"thumbnail":false,"medium":false,"medium_large":false,"large":false,"1536x1536":false,"2048x2048":false,"wptouch-new-thumbnail":false,"post-thumbnail":false},"uagb_author_info":{"display_name":"proesch","author_link":"https:\/\/tierhilfe-direkthilfe.de\/?author=1"},"uagb_comment_info":0,"uagb_excerpt":"Das Tierrechts-TV-Magazin\u00a0 hat sich mittlerweile etabliert und erfreut sich immer gr\u00f6\u00dferer Beliebtheit. Demn\u00e4chst starten wir mit dem Tierrechtsbund-aktiv ein tolles Projekt f\u00fcr an Krebs erkrankten Kindern auf der Jugend- und Tierfarm Offenwarden. www.tierrechtsbund-aktiv.de \u00a0\u00a0Der Tierhof Straelen ist f\u00fcr viele Tiere, &hellip; Weiterlesen &rarr;","_links":{"self":[{"href":"https:\/\/tierhilfe-direkthilfe.de\/index.php?rest_route=\/wp\/v2\/pages\/23","targetHints":{"allow":["GET"]}}],"collection":[{"href":"https:\/\/tierhilfe-direkthilfe.de\/index.php?rest_route=\/wp\/v2\/pages"}],"about":[{"href":"https:\/\/tierhilfe-direkthilfe.de\/index.php?rest_route=\/wp\/v2\/types\/page"}],"author":[{"embeddable":true,"href":"https:\/\/tierhilfe-direkthilfe.de\/index.php?rest_route=\/wp\/v2\/users\/1"}],"replies":[{"embeddable":true,"href":"https:\/\/tierhilfe-direkthilfe.de\/index.php?rest_route=%2Fwp%2Fv2%2Fcomments&post=23"}],"version-history":[{"count":73,"href":"https:\/\/tierhilfe-direkthilfe.de\/index.php?rest_route=\/wp\/v2\/pages\/23\/revisions"}],"predecessor-version":[{"id":851,"href":"https:\/\/tierhilfe-direkthilfe.de\/index.php?rest_route=\/wp\/v2\/pages\/23\/revisions\/851"}],"wp:attachment":[{"href":"https:\/\/tierhilfe-direkthilfe.de\/index.php?rest_route=%2Fwp%2Fv2%2Fmedia&parent=23"}],"curies":[{"name":"wp","href":"https:\/\/api.w.org\/{rel}","templated":true}]}}